{"id":1501,"date":"2025-04-16T18:19:14","date_gmt":"2025-04-16T16:19:14","guid":{"rendered":"https:\/\/padel-experience.fr\/?page_id=1501"},"modified":"2026-01-15T12:10:13","modified_gmt":"2026-01-15T11:10:13","slug":"octobre","status":"publish","type":"page","link":"https:\/\/padel-experience.fr\/?page_id=1501","title":{"rendered":"stage Novembre"},"content":{"rendered":"<style>.kb-row-layout-id1501_2d7eaf-ee > .kt-row-column-wrap{align-content:center;}:where(.kb-row-layout-id1501_2d7eaf-ee > .kt-row-column-wrap) > .wp-block-kadence-column{justify-content:center;}.kb-row-layout-id1501_2d7eaf-ee > .kt-row-column-wrap{column-gap:var(--global-kb-gap-lg, 4rem);row-gap:var(--global-kb-gap-none, 0rem );max-width:var( --global-content-width, 1290px );padding-left:var(--global-content-edge-padding);padding-right:var(--global-content-edge-padding);padding-top:var(--global-kb-spacing-xs, 1rem);padding-bottom:var(--global-kb-spacing-xxs, 0.5rem);grid-template-columns:minmax(0, calc(55% - ((var(--global-kb-gap-lg, 4rem) * 1 )\/2)))minmax(0, calc(45% - ((var(--global-kb-gap-lg, 4rem) * 1 )\/2)));}.kb-row-layout-id1501_2d7eaf-ee{background-image:linear-gradient(90deg,var(--global-palette7,#EDF2F7) 65%,var(--global-palette9,#ffffff) 65%,var(--global-palette9,#ffffff) 65%,var(--global-palette9,#ffffff) 65%);}.kb-row-layout-id1501_2d7eaf-ee > .kt-row-layout-overlay{opacity:1;}@media all and (max-width: 1024px){.kb-row-layout-id1501_2d7eaf-ee > .kt-row-column-wrap{column-gap:var(--global-kb-gap-md, 2rem);padding-top:var(--global-kb-spacing-3xl, 6.5rem);padding-bottom:var(--global-kb-spacing-3xl, 6.5rem);grid-template-columns:repeat(2, minmax(0, 1fr));}}@media all and (max-width: 767px){.kb-row-layout-id1501_2d7eaf-ee > .kt-row-column-wrap{padding-top:var(--global-kb-spacing-3xl, 6.5rem);padding-bottom:var(--global-kb-spacing-xl, 4rem);grid-template-columns:minmax(0, 1fr);}}<\/style><div class=\"kb-row-layout-wrap kb-row-layout-id1501_2d7eaf-ee alignfull has-theme-palette8-background-color kt-row-has-bg wp-block-kadence-rowlayout\"><div class=\"kt-row-column-wrap kt-has-2-columns kt-row-layout-equal kt-tab-layout-inherit kt-mobile-layout-row kt-row-valign-middle kb-theme-content-width\">\n<style>.kadence-column1501_3ea543-4e > .kt-inside-inner-col,.kadence-column1501_3ea543-4e > .kt-inside-inner-col:before{border-top-left-radius:0px;border-top-right-radius:0px;border-bottom-right-radius:0px;border-bottom-left-radius:0px;}.kadence-column1501_3ea543-4e > .kt-inside-inner-col{column-gap:var(--global-kb-gap-sm, 1rem);}.kadence-column1501_3ea543-4e > .kt-inside-inner-col{flex-direction:column;}.kadence-column1501_3ea543-4e > .kt-inside-inner-col > .aligncenter{width:100%;}.kadence-column1501_3ea543-4e > .kt-inside-inner-col:before{opacity:0.3;}.kadence-column1501_3ea543-4e{position:relative;}@media all and (max-width: 1024px){.kadence-column1501_3ea543-4e > .kt-inside-inner-col{padding-right:0px;flex-direction:column;justify-content:center;}}@media all and (max-width: 1024px){.kadence-column1501_3ea543-4e{text-align:center;}}@media all and (max-width: 767px){.kadence-column1501_3ea543-4e > .kt-inside-inner-col{flex-direction:column;justify-content:center;}.kadence-column1501_3ea543-4e, .kt-inside-inner-col > .kadence-column1501_3ea543-4e:not(.specificity){margin-bottom:var(--global-kb-spacing-md, 2rem);}}<\/style>\n<div class=\"wp-block-kadence-column kadence-column1501_3ea543-4e kb-section-dir-vertical inner-column-1\"><div class=\"kt-inside-inner-col\"><style>.wp-block-kadence-advancedheading.kt-adv-heading1501_22a154-7c, .wp-block-kadence-advancedheading.kt-adv-heading1501_22a154-7c[data-kb-block=\"kb-adv-heading1501_22a154-7c\"]{margin-top:0px;margin-bottom:var(--global-kb-spacing-lg, 3rem);font-size:var(--global-kb-font-size-xxl, 4rem);line-height:1.2;font-style:normal;}.wp-block-kadence-advancedheading.kt-adv-heading1501_22a154-7c mark.kt-highlight, .wp-block-kadence-advancedheading.kt-adv-heading1501_22a154-7c[data-kb-block=\"kb-adv-heading1501_22a154-7c\"] mark.kt-highlight{font-style:normal;color:#f76a0c;-webkit-box-decoration-break:clone;box-decoration-break:clone;padding-top:0px;padding-right:0px;padding-bottom:0px;padding-left:0px;}.wp-block-kadence-advancedheading.kt-adv-heading1501_22a154-7c img.kb-inline-image, .wp-block-kadence-advancedheading.kt-adv-heading1501_22a154-7c[data-kb-block=\"kb-adv-heading1501_22a154-7c\"] img.kb-inline-image{width:150px;vertical-align:baseline;}@media all and (max-width: 1024px){.wp-block-kadence-advancedheading.kt-adv-heading1501_22a154-7c, .wp-block-kadence-advancedheading.kt-adv-heading1501_22a154-7c[data-kb-block=\"kb-adv-heading1501_22a154-7c\"]{font-size:var(--global-kb-font-size-lg, 2rem);text-align:left!important;}}<\/style>\n<h1 class=\"kt-adv-heading1501_22a154-7c wp-block-kadence-advancedheading\" data-kb-block=\"kb-adv-heading1501_22a154-7c\">\ud83c\uddf2\ud83c\udde6 Marrakech Du 5 au 10 2026 (3 places)<\/h1>\n\n\n<style>.wp-block-kadence-advancedheading.kt-adv-heading1501_fff368-8b, .wp-block-kadence-advancedheading.kt-adv-heading1501_fff368-8b[data-kb-block=\"kb-adv-heading1501_fff368-8b\"]{font-style:normal;}.wp-block-kadence-advancedheading.kt-adv-heading1501_fff368-8b mark.kt-highlight, .wp-block-kadence-advancedheading.kt-adv-heading1501_fff368-8b[data-kb-block=\"kb-adv-heading1501_fff368-8b\"] mark.kt-highlight{font-style:normal;color:#f76a0c;-webkit-box-decoration-break:clone;box-decoration-break:clone;padding-top:0px;padding-right:0px;padding-bottom:0px;padding-left:0px;}.wp-block-kadence-advancedheading.kt-adv-heading1501_fff368-8b img.kb-inline-image, .wp-block-kadence-advancedheading.kt-adv-heading1501_fff368-8b[data-kb-block=\"kb-adv-heading1501_fff368-8b\"] img.kb-inline-image{width:150px;vertical-align:baseline;}@media all and (max-width: 1024px){.wp-block-kadence-advancedheading.kt-adv-heading1501_fff368-8b, .wp-block-kadence-advancedheading.kt-adv-heading1501_fff368-8b[data-kb-block=\"kb-adv-heading1501_fff368-8b\"]{text-align:left!important;}}<\/style>\n<p class=\"kt-adv-heading1501_fff368-8b wp-block-kadence-advancedheading has-theme-palette-4-color has-text-color\" data-kb-block=\"kb-adv-heading1501_fff368-8b\">\ud83c\uddf2\ud83c\udde6 Un s\u00e9jour 100 % padel et d\u00e9tente sous le soleil de Marrakech. D\u00e9couvrez le programme de votre prochaine escapade Padel Exp\u00e9rience.<\/p>\n\n\n\n<p><strong>Date : du 5 au 10 mars 2026<\/strong><br><strong>\u00c0 partir de 620 \u20ac (hors vol)<\/strong><br><strong>Dur\u00e9e : 5 jours \/ 4 nuits<\/strong><br><strong>Niveau : Tous niveaux<\/strong><\/p>\n\n\n<style>.wp-block-kadence-advancedbtn.kb-btns1501_7ac774-5e{gap:var(--global-kb-gap-xs, 0.5rem );justify-content:flex-start;align-items:center;}.kt-btns1501_7ac774-5e .kt-button{font-weight:normal;font-style:normal;}.kt-btns1501_7ac774-5e .kt-btn-wrap-0{margin-right:5px;}.wp-block-kadence-advancedbtn.kt-btns1501_7ac774-5e .kt-btn-wrap-0 .kt-button{color:#555555;border-color:#555555;}.wp-block-kadence-advancedbtn.kt-btns1501_7ac774-5e .kt-btn-wrap-0 .kt-button:hover, .wp-block-kadence-advancedbtn.kt-btns1501_7ac774-5e .kt-btn-wrap-0 .kt-button:focus{color:#ffffff;border-color:#444444;}.wp-block-kadence-advancedbtn.kt-btns1501_7ac774-5e .kt-btn-wrap-0 .kt-button::before{display:none;}.wp-block-kadence-advancedbtn.kt-btns1501_7ac774-5e .kt-btn-wrap-0 .kt-button:hover, .wp-block-kadence-advancedbtn.kt-btns1501_7ac774-5e .kt-btn-wrap-0 .kt-button:focus{background:#444444;}@media all and (max-width: 1024px){.wp-block-kadence-advancedbtn.kb-btns1501_7ac774-5e{justify-content:flex-start;}}<\/style>\n<div class=\"wp-block-kadence-advancedbtn kb-buttons-wrap kb-btns1501_7ac774-5e\"><style>ul.menu .wp-block-kadence-advancedbtn .kb-btn1501_5bee0d-e3.kb-button{width:initial;}.wp-block-kadence-advancedbtn .kb-btn1501_5bee0d-e3.kb-button{font-size:var(--global-kb-font-size-sm, 0.9rem);letter-spacing:1px;text-transform:uppercase;}<\/style><span class=\"kb-button kt-button button kb-btn1501_5bee0d-e3 kt-btn-size-standard kt-btn-width-type-auto kb-btn-global-inherit  kt-btn-has-text-true kt-btn-has-svg-false  wp-block-button__link wp-block-kadence-singlebtn\"><span class=\"kt-btn-inner-text\">\u00e0 partir de 620\u20ac<\/span><\/span><\/div>\n<\/div><\/div>\n\n\n<style>.kadence-column1501_ac3eab-4d > .kt-inside-inner-col,.kadence-column1501_ac3eab-4d > .kt-inside-inner-col:before{border-top-left-radius:0px;border-top-right-radius:0px;border-bottom-right-radius:0px;border-bottom-left-radius:0px;}.kadence-column1501_ac3eab-4d > .kt-inside-inner-col{column-gap:var(--global-kb-gap-sm, 1rem);}.kadence-column1501_ac3eab-4d > .kt-inside-inner-col{flex-direction:column;}.kadence-column1501_ac3eab-4d > .kt-inside-inner-col > .aligncenter{width:100%;}.kadence-column1501_ac3eab-4d > .kt-inside-inner-col:before{opacity:0.3;}.kadence-column1501_ac3eab-4d{position:relative;}@media all and (max-width: 1024px){.kadence-column1501_ac3eab-4d > .kt-inside-inner-col{flex-direction:column;justify-content:center;}}@media all and (max-width: 767px){.kadence-column1501_ac3eab-4d > .kt-inside-inner-col{flex-direction:column;justify-content:center;}}<\/style>\n<div class=\"wp-block-kadence-column kadence-column1501_ac3eab-4d inner-column-2\"><div class=\"kt-inside-inner-col\"><style>.kb-image1501_5274d4-cc .kb-image-has-overlay:after{opacity:0.3;border-top-left-radius:15px;border-top-right-radius:15px;border-bottom-right-radius:15px;border-bottom-left-radius:15px;}.kb-image1501_5274d4-cc img.kb-img, .kb-image1501_5274d4-cc .kb-img img{border-top-left-radius:15px;border-top-right-radius:15px;border-bottom-right-radius:15px;border-bottom-left-radius:15px;}@media all and (max-width: 767px){.wp-block-kadence-image.kb-image1501_5274d4-cc:not(.kb-specificity-added):not(.kb-extra-specificity-added){margin-right:0px;margin-left:0px;}}<\/style>\n<figure class=\"wp-block-kadence-image kb-image1501_5274d4-cc size-large kb-image-is-ratio-size\"><div class=\"kb-is-ratio-image kb-image-ratio-square\"><img loading=\"lazy\" decoding=\"async\" width=\"1024\" height=\"724\" src=\"http:\/\/padel-experience.fr\/wp-content\/uploads\/2025\/04\/7-1-1024x724.png\" alt=\"\" class=\"kb-img wp-image-1402\" srcset=\"https:\/\/padel-experience.fr\/wp-content\/uploads\/2025\/04\/7-1-1024x724.png 1024w, https:\/\/padel-experience.fr\/wp-content\/uploads\/2025\/04\/7-1-300x212.png 300w, https:\/\/padel-experience.fr\/wp-content\/uploads\/2025\/04\/7-1-768x543.png 768w, https:\/\/padel-experience.fr\/wp-content\/uploads\/2025\/04\/7-1-1536x1086.png 1536w, https:\/\/padel-experience.fr\/wp-content\/uploads\/2025\/04\/7-1-2048x1448.png 2048w, https:\/\/padel-experience.fr\/wp-content\/uploads\/2025\/04\/7-1-600x424.png 600w\" sizes=\"auto, (max-width: 1024px) 100vw, 1024px\" \/><\/div><\/figure>\n<\/div><\/div>\n\n<\/div><\/div>\n\n<style>.kb-row-layout-id1501_347a28-0d > .kt-row-column-wrap{align-content:start;}:where(.kb-row-layout-id1501_347a28-0d > .kt-row-column-wrap) > .wp-block-kadence-column{justify-content:start;}.kb-row-layout-id1501_347a28-0d > .kt-row-column-wrap{column-gap:var(--global-kb-gap-md, 2rem);row-gap:var(--global-kb-gap-md, 2rem);max-width:var( --global-content-width, 1290px );padding-left:var(--global-content-edge-padding);padding-right:var(--global-content-edge-padding);padding-bottom:var(--global-kb-spacing-3xl, 6.5rem);grid-template-columns:minmax(0, 1fr);}.kb-row-layout-id1501_347a28-0d > .kt-row-layout-overlay{opacity:0.80;}.kb-row-layout-id1501_347a28-0d ,.kb-row-layout-id1501_347a28-0d h1,.kb-row-layout-id1501_347a28-0d h2,.kb-row-layout-id1501_347a28-0d h3,.kb-row-layout-id1501_347a28-0d h4,.kb-row-layout-id1501_347a28-0d h5,.kb-row-layout-id1501_347a28-0d h6{color:var(--global-palette3, #1A202C);}.kb-row-layout-id1501_347a28-0d a{color:var(--global-palette4, #2D3748);}.kb-row-layout-id1501_347a28-0d a:hover{color:var(--global-palette5, #4A5568);}@media all and (max-width: 1024px){.kb-row-layout-id1501_347a28-0d > .kt-row-column-wrap{grid-template-columns:minmax(0, 1fr);}}@media all and (max-width: 767px){.kb-row-layout-id1501_347a28-0d > .kt-row-column-wrap{grid-template-columns:minmax(0, 1fr);}}<\/style><div class=\"kb-row-layout-wrap kb-row-layout-id1501_347a28-0d alignfull has-theme-palette9-background-color kt-row-has-bg wp-block-kadence-rowlayout\"><div class=\"kt-row-column-wrap kt-has-1-columns kt-row-layout-equal kt-tab-layout-inherit kt-mobile-layout-row kt-row-valign-top kb-theme-content-width\">\n<style>.kadence-column1501_a1d6cc-9e > .kt-inside-inner-col,.kadence-column1501_a1d6cc-9e > .kt-inside-inner-col:before{border-top-left-radius:0px;border-top-right-radius:0px;border-bottom-right-radius:0px;border-bottom-left-radius:0px;}.kadence-column1501_a1d6cc-9e > .kt-inside-inner-col{column-gap:var(--global-kb-gap-sm, 1rem);}.kadence-column1501_a1d6cc-9e > .kt-inside-inner-col{flex-direction:column;}.kadence-column1501_a1d6cc-9e > .kt-inside-inner-col > .aligncenter{width:100%;}.kadence-column1501_a1d6cc-9e > .kt-inside-inner-col:before{opacity:0.3;}.kadence-column1501_a1d6cc-9e{position:relative;}@media all and (max-width: 1024px){.kadence-column1501_a1d6cc-9e > .kt-inside-inner-col{flex-direction:column;justify-content:center;}}@media all and (max-width: 767px){.kadence-column1501_a1d6cc-9e > .kt-inside-inner-col{flex-direction:column;justify-content:center;}}<\/style>\n<div class=\"wp-block-kadence-column kadence-column1501_a1d6cc-9e\"><div class=\"kt-inside-inner-col\"><style>.wp-block-kadence-advancedheading.kt-adv-heading1501_00d9ca-f2, .wp-block-kadence-advancedheading.kt-adv-heading1501_00d9ca-f2[data-kb-block=\"kb-adv-heading1501_00d9ca-f2\"]{font-style:normal;}.wp-block-kadence-advancedheading.kt-adv-heading1501_00d9ca-f2 mark.kt-highlight, .wp-block-kadence-advancedheading.kt-adv-heading1501_00d9ca-f2[data-kb-block=\"kb-adv-heading1501_00d9ca-f2\"] mark.kt-highlight{font-style:normal;color:#f76a0c;-webkit-box-decoration-break:clone;box-decoration-break:clone;padding-top:0px;padding-right:0px;padding-bottom:0px;padding-left:0px;}.wp-block-kadence-advancedheading.kt-adv-heading1501_00d9ca-f2 img.kb-inline-image, .wp-block-kadence-advancedheading.kt-adv-heading1501_00d9ca-f2[data-kb-block=\"kb-adv-heading1501_00d9ca-f2\"] img.kb-inline-image{width:150px;vertical-align:baseline;}@media all and (max-width: 1024px){.wp-block-kadence-advancedheading.kt-adv-heading1501_00d9ca-f2, .wp-block-kadence-advancedheading.kt-adv-heading1501_00d9ca-f2[data-kb-block=\"kb-adv-heading1501_00d9ca-f2\"]{text-align:center!important;}}<\/style>\n<p class=\"kt-adv-heading1501_00d9ca-f2 wp-block-kadence-advancedheading has-theme-palette-4-color has-text-color\" data-kb-block=\"kb-adv-heading1501_00d9ca-f2\">\u2705 Inclus dans le stage :<br>Navette a\u00e9roport aller-retour<br>\ud83d\udecf\ufe0f H\u00e9bergement 5 jours \/ 4 nuits en h\u00f4tel tout confort en chambre double (option chambre individuelle disponible lors de la r\u00e9servation)<br>3 sessions de <strong>1h30 de cours de padel<\/strong> encadr\u00e9s par un coach.<br>4 sessions de <strong>1h30 de matchs<\/strong><br>Petits-d\u00e9jeuners x4<br>D\u00e9jeuners x4<br>Accompagnement et ambiance conviviale !<br>\ud83c\udfab <em>Vols non inclus \u2013 Nous pouvons vous aider \u00e0 r\u00e9server votre vol si besoin<\/em><\/p>\n\n\n\n<p><br>\ud83d\udcbc Tarifs &amp; options d\u2019h\u00e9bergement<br>Le tarif de base pour ce stage est de <strong>620\u202f\u20ac<\/strong> par personne en <strong>chambre double partag\u00e9e<\/strong>, avec <strong>toutes les prestations incluses<\/strong> (coaching, matchs, h\u00e9bergement, navette, repas\u2026).<br>\u2795 Options disponibles :<br><strong>Option 1 \u2013 Chambre individuelle<\/strong> : 750\u202f\u20ac<br>Pour plus d\u2019intimit\u00e9, profitez de votre propre chambre avec toutes les prestations incluses.<br><strong>Option 2 \u2013 Accompagnateur non joueur<\/strong> : 420\u202f\u20ac<br>Vous venez accompagn\u00e9(e) mais sans participation aux sessions de padel ? Ce tarif comprend l\u2019h\u00e9bergement en chambre double, les repas, navettes et toutes les activit\u00e9s hors padel.<br><strong>Option 3 \u2013 Villa de luxe (groupes de 8 \u00e0 14 pers.)<\/strong><br>Villa privatis\u00e9e avec piscine, 6 chambres doubles + 1 chambre twin. Tarif sur demande.<br>\ud83d\udee0\ufe0f Nous pouvons \u00e9galement organiser des <strong>stages sur mesure<\/strong>, adapt\u00e9s \u00e0 votre groupe, \u00e0 vos dates ou \u00e0 vos objectifs !<br>\ud83d\udcf2 Contactez-nous pour toute demande personnalis\u00e9e.<br><br>\ud83d\uddd3\ufe0f Programme d\u00e9taill\u00e9<br><strong>\ud83d\udeec Jour 1 \u2013 Arriv\u00e9e &amp; d\u00e9tente<\/strong><br>Accueil \u00e0 l\u2019a\u00e9roport + transfert \u00e0 l\u2019h\u00f4tel<br>Installation &amp; temps libre<br>Matchs de padel en d\u00e9but de soir\u00e9e (1h30)<br>Soir\u00e9e marocaine diner inclus<br><br><strong>\ud83c\udfbe Jour 2 \u2013 Lancement du stage<\/strong><br>Petit-d\u00e9jeuner \u00e0 l\u2019h\u00f4tel<br>S\u00e9ance de padel (1h30) + match (1h30)<br>D\u00e9jeuner inclus au <strong>restaurant du club<\/strong><br>Temps libre l\u2019apr\u00e8s-midi (repos, exploration ou d\u00e9tente \u00e0 la piscine)<br>Matchs de padel en d\u00e9but de soir\u00e9e (1h30)<br>Soir\u00e9e libre<\/p>\n\n\n\n<p><br><strong>\ud83c\udfbe Jour 3 \u2013 Technique &amp; comp\u00e9tition<\/strong><br>Petit-d\u00e9jeuner \u00e0 l\u2019h\u00f4tel<br>S\u00e9ance de padel (1h30) + match (1h30)<br>D\u00e9jeuner inclus au <strong>restaurant du club<\/strong><br>Temps libre l\u2019apr\u00e8s-midi (repos, exploration ou d\u00e9tente \u00e0 la piscine)<br>Soir\u00e9e libre<br><br><strong>Jour 4 \u2013 Technique &amp; comp\u00e9tition<\/strong><br>Petit-d\u00e9jeuner \u00e0 l\u2019h\u00f4tel<br>S\u00e9ance de padel (1h30) + match (1h30)<br>D\u00e9jeuner inclus au <strong>restaurant du club<\/strong><br>Temps libre l\u2019apr\u00e8s-midi (repos, exploration ou d\u00e9tente \u00e0 la piscine)<br>Soir\u00e9e libre<br><\/p>\n\n\n\n<p><strong>Jour 5 \u2013 Derniers \u00e9changes sur le terrain<\/strong><br>Petit-d\u00e9jeuner \u00e0 l\u2019h\u00f4tel<br>S\u00e9ance de padel (1h30)<br>D\u00e9jeuner inclus au <strong>restaurant du club<\/strong><br>Temps libre l\u2019apr\u00e8s-midi (repos, exploration ou d\u00e9tente \u00e0 la piscine)<br>Mini tournoi de cloture de stage (2h)<br>Soir\u00e9e libre<\/p>\n\n\n\n<p><br><strong>Jour 6 \u2013 D\u00e9part<\/strong><br>Petit-d\u00e9jeuner \u00e0 l\u2019h\u00f4tel<br>Transfert retour vers l\u2019a\u00e9roport selon horaires de vol<\/p>\n<\/div><\/div>\n\n\n<style>.kadence-column1501_a2e455-3f > .kt-inside-inner-col,.kadence-column1501_a2e455-3f > .kt-inside-inner-col:before{border-top-left-radius:0px;border-top-right-radius:0px;border-bottom-right-radius:0px;border-bottom-left-radius:0px;}.kadence-column1501_a2e455-3f > .kt-inside-inner-col{column-gap:var(--global-kb-gap-sm, 1rem);}.kadence-column1501_a2e455-3f > .kt-inside-inner-col{flex-direction:column;}.kadence-column1501_a2e455-3f > .kt-inside-inner-col > .aligncenter{width:100%;}.kadence-column1501_a2e455-3f > .kt-inside-inner-col:before{opacity:0.3;}.kadence-column1501_a2e455-3f{position:relative;}@media all and (max-width: 1024px){.kadence-column1501_a2e455-3f > .kt-inside-inner-col{flex-direction:column;justify-content:center;}}@media all and (max-width: 767px){.kadence-column1501_a2e455-3f > .kt-inside-inner-col{flex-direction:column;justify-content:center;}}<\/style>\n<div class=\"wp-block-kadence-column kadence-column1501_a2e455-3f\"><div class=\"kt-inside-inner-col\"><style>.kb-row-layout-id1501_740336-57 > .kt-row-column-wrap{align-content:start;}:where(.kb-row-layout-id1501_740336-57 > .kt-row-column-wrap) > .wp-block-kadence-column{justify-content:start;}.kb-row-layout-id1501_740336-57 > .kt-row-column-wrap{column-gap:var(--global-kb-gap-md, 2rem);row-gap:var(--global-kb-gap-md, 2rem);padding-top:0px;padding-right:0px;padding-bottom:0px;padding-left:0px;grid-template-columns:minmax(0, 1fr);}.kb-row-layout-id1501_740336-57 > .kt-row-layout-overlay{opacity:0.30;}@media all and (max-width: 1024px){.kb-row-layout-id1501_740336-57 > .kt-row-column-wrap{padding-right:var(--global-kb-spacing-4xl, 8rem);padding-left:var(--global-kb-spacing-4xl, 8rem);grid-template-columns:minmax(0, 1fr);}}@media all and (max-width: 767px){.kb-row-layout-id1501_740336-57 > .kt-row-column-wrap{padding-right:0px;padding-left:0px;grid-template-columns:minmax(0, 1fr);}}<\/style><div class=\"kb-row-layout-wrap kb-row-layout-id1501_740336-57 alignnone wp-block-kadence-rowlayout\"><div class=\"kt-row-column-wrap kt-has-1-columns kt-row-layout-equal kt-tab-layout-inherit kt-mobile-layout-row kt-row-valign-top\">\n<style>.kadence-column1501_09b3b9-d5 > .kt-inside-inner-col,.kadence-column1501_09b3b9-d5 > .kt-inside-inner-col:before{border-top-left-radius:0px;border-top-right-radius:0px;border-bottom-right-radius:0px;border-bottom-left-radius:0px;}.kadence-column1501_09b3b9-d5 > .kt-inside-inner-col{column-gap:var(--global-kb-gap-sm, 1rem);}.kadence-column1501_09b3b9-d5 > .kt-inside-inner-col{flex-direction:column;}.kadence-column1501_09b3b9-d5 > .kt-inside-inner-col > .aligncenter{width:100%;}.kadence-column1501_09b3b9-d5 > .kt-inside-inner-col:before{opacity:0.3;}.kadence-column1501_09b3b9-d5{position:relative;}@media all and (max-width: 1024px){.kadence-column1501_09b3b9-d5 > .kt-inside-inner-col{flex-direction:column;justify-content:center;}}@media all and (max-width: 767px){.kadence-column1501_09b3b9-d5 > .kt-inside-inner-col{flex-direction:column;justify-content:center;}}<\/style>\n<div class=\"wp-block-kadence-column kadence-column1501_09b3b9-d5\"><div class=\"kt-inside-inner-col\"><\/div><\/div>\n\n<\/div><\/div><\/div><\/div>\n\n<\/div><\/div>","protected":false},"excerpt":{"rendered":"<p>\ud83c\uddf2\ud83c\udde6 Marrakech Du 5 au 10 2026 (3 places) \ud83c\uddf2\ud83c\udde6 Un s\u00e9jour 100 % padel et d\u00e9tente sous le soleil de Marrakech. D\u00e9couvrez le programme de votre prochaine escapade Padel Exp\u00e9rience. Date : du 5 au 10 mars 2026\u00c0 partir de 620 \u20ac (hors vol)Dur\u00e9e : 5 jours \/ 4 nuitsNiveau : Tous niveaux \u2705&#8230;<\/p>\n","protected":false},"author":1,"featured_media":1181,"parent":0,"menu_order":0,"comment_status":"closed","ping_status":"closed","template":"","meta":{"_kadence_starter_templates_imported_post":true,"_kad_post_transparent":"","_kad_post_title":"hide","_kad_post_layout":"fullwidth","_kad_post_sidebar_id":"","_kad_post_content_style":"unboxed","_kad_post_vertical_padding":"hide","_kad_post_feature":"hide","_kad_post_feature_position":"","_kad_post_header":false,"_kad_post_footer":false,"footnotes":""},"class_list":["post-1501","page","type-page","status-publish","has-post-thumbnail","hentry"],"_links":{"self":[{"href":"https:\/\/padel-experience.fr\/index.php?rest_route=\/wp\/v2\/pages\/1501","targetHints":{"allow":["GET"]}}],"collection":[{"href":"https:\/\/padel-experience.fr\/index.php?rest_route=\/wp\/v2\/pages"}],"about":[{"href":"https:\/\/padel-experience.fr\/index.php?rest_route=\/wp\/v2\/types\/page"}],"author":[{"embeddable":true,"href":"https:\/\/padel-experience.fr\/index.php?rest_route=\/wp\/v2\/users\/1"}],"replies":[{"embeddable":true,"href":"https:\/\/padel-experience.fr\/index.php?rest_route=%2Fwp%2Fv2%2Fcomments&post=1501"}],"version-history":[{"count":12,"href":"https:\/\/padel-experience.fr\/index.php?rest_route=\/wp\/v2\/pages\/1501\/revisions"}],"predecessor-version":[{"id":1671,"href":"https:\/\/padel-experience.fr\/index.php?rest_route=\/wp\/v2\/pages\/1501\/revisions\/1671"}],"wp:featuredmedia":[{"embeddable":true,"href":"https:\/\/padel-experience.fr\/index.php?rest_route=\/wp\/v2\/media\/1181"}],"wp:attachment":[{"href":"https:\/\/padel-experience.fr\/index.php?rest_route=%2Fwp%2Fv2%2Fmedia&parent=1501"}],"curies":[{"name":"wp","href":"https:\/\/api.w.org\/{rel}","templated":true}]}}